 is the hundreds digit of i?
1
Let n = -12 + 12. Suppose -5*g + 15 = -n*g. Suppose -4*d + 59 = g*f - 3*d, -f = -5*d + 7. What is the units digit of f?
8
Let j be (-4)/(-14) + (-190)/(-70). Suppose j*p = p. Suppose p = 4*x - 2*x - 32. What is the units digit of x?
6
Suppose -16650 - 18820 = -10*h. What is the tens digit of h?
4
Let k(y) = y**2 + 3*y - 11. Let m be k(-5). What is the tens digit of 3 + m + 89 + -2?
8
Let o = -587 - -1028. What is the tens digit of o?
4
Let p(b) be the second derivative of b**4/12 + b**3/2 + 4*b**2 - 10*b. What is the tens digit of p(-6)?
2
Suppose 0 = -3*u - j + 93, -3*j + 76 = 4*u - 43. Suppose -2*o - 6 = -14. Suppose 0 = -o*k - 4*y + 56, k - 5*y - u = -0*k. What is the tens digit of k?
1
Suppose 36*z - 4099 = -3*w + 38*z, 0 = -w - 2*z + 1377. What is the units digit of w?
9
Let x(i) = i**2 + 3*i - 10. Let j be x(-5). Suppose 11*b - 14*b + 144 = j. What is the units digit of b?
8
Suppose -4*t + 9*t - 15 = 0. Suppose -t*c + 10*c = 0. What is the tens digit of (4 - -62) + (c - -1)?
6
Let a be 28/98 + 284/(-14). Let v = a + 14. What is the tens digit of (-6)/(-18) + (-232)/v?
3
Suppose -54*w + 253578 = 51672. What is the units digit of w?
9
Suppose 52*l - 51*l - 1 = 0, -3*v = 3*l - 4113. What is the hundreds digit of v?
3
Let f(g) = 2*g + 23. Let m = 17 - 30. Let o = m + 23. What is the units digit of f(o)?
3
Let s be (264/(-15) - -2)/((-6)/45). What is the hundreds digit of (s - -1) + (-3 - -7) + -2?
1
Let b(o) = -70*o + 8. What is the units digit of b(-4)?
8
Suppose 3*t = -4*v + 1862, 0 = 11*t - 12*t - v + 622. What is the hundreds digit of t?
6
Let k(l) = -3*l**2 - 14*l + 30. Let h be k(-18). Let s = -407 - h. What is the units digit of s?
3
Suppose 5*b = 4*r - 171 - 38, -r + 62 = 2*b. Suppose n + 26 - r = 0. What is the tens digit of n?
3
Let o(k) = 2*k**3 - 3*k**2 + 3*k - 1. Let a(h) = -h**2 + 4*h - 3. Let g be a(4). Let y be (-1)/g - (-35)/21. What is the units digit of o(y)?
9
Suppose -6*h - 5*x - 41 = -8*h, -85 = -5*h - 5*x. What is the units digit of h?
8
Let v = 6 - 2. Let r = 17 - v. Suppose -3*s + 37 = h, 5*h + 3*s - 124 = r. What is the units digit of h?
5
Let f(j) = -j**2 - 10*j - 14. Let g be f(-8). Suppose -n + g*n = 76. What is the tens digit of n?
7
Let w be 14 + 0 + (-1 - 2). Let c = -8 + w. What is the tens digit of (-36 + (5 - c))*-1?
3
Suppose 198 - 30 = 4*r. What is the units digit of r?
2
Let z(n) = -n**3 - 15*n**2 - 7*n - 4. Let x(w) = -w**2 - 431 - w + 431. Let p(f) = 6*x(f) - z(f). What is the tens digit of p(-8)?
6
Let h = 26 - -20. Let b = h + -11. What is the units digit of b?
5
Let a be 6/(-10) - 116/(-10). Suppose 0*x - 8 = -2*x. Suppose 0 = -t + 5*k - a - 1, t + 8 = x*k. What is the units digit of t?
8
Suppose -287 = 2*w + 4*i - 1263, 0 = -3*w - 2*i + 1460. What is the units digit of w?
6
Let x(t) = t + 18. Let p be x(-15). Let g = 14 - p. What is the units digit of g?
1
Suppose -3*k = -2*s - 7945, -3121 = -k + 5*s - 490. What is the tens digit of k?
5
Let i(h) = 15*h**3 + 5*h**2 - 5*h + 6. What is the tens digit of i(3)?
4
Let t be (1 - 2)/(8/(-32)). Suppose 8 = t*u, -3*m - 2*u = -113 + 28. Let x = m - 14. What is the tens digit of x?
1
Let w be (-48)/(-20) - (-2)/(-5). Let s(l) = -l**2 + 3. Let c be s(w). Let m(d) = 38*d**2 + 1. What is the tens digit of m(c)?
3
Suppose -17*g + 30*g - 32201 = 0. What is the hundreds digit of g?
4
Let v = 5484 - 3529. What is the units digit of v?
5
What is the hundreds digit of 3 + (-11)/((-55)/15) + 669?
6
Let m = 1094 - 1094. Let o be 2/(-4) + 5/2. Suppose m = -o*k + 13 + 11. What is the units digit of k?
2
Let s = -68 - 0. Let b = 114 + s. Suppose 0*i + i = b. What is the tens digit of i?
4
Let l = 76 - -74. What is the units digit of l?
0
Let y(t) = -3*t**2 + 0 - 12*t + 9*t - 2 - t**3. Let q be y(-3). Let o = 14 + q. What is the units digit of o?
1
Let x = 30 + -21. Suppose 0 = -2*s + 1 - x. What is the units digit of (-230)/(-8) + s/(-16)?
9
Let f(b) = -b**3 - 23*b**2 - 21*b + 24. Let v be f(-22). Suppose 4*x + 4*p - 48 = 0, -x - v*p = 4*x - 63. What is the units digit of x?
3
Let v(g) = 8*g + 2. Let w be v(-3). Let h = 56 + w. Suppose 0 = m - h + 5. What is the units digit of m?
9
Let o be (1 - 4) + (-4 - -159). What is the tens digit of o/6 + (-3)/9?
2
Let d = 19602 - 13089. What is the tens digit of d?
1
Let d(h) be the first derivative of -2 + h - 1/2*h**4 - h**3 - 1/2*h**2. What is the units digit of d(-2)?
7
Let y(f) = f**3 - 7*f**2 - 7*f + 4. Let u be y(8). Let l = u + -4. Suppose 4*h + l = -i, 2*h + 8 = -0. What is the units digit of i?
8
Suppose 68 = 7*a - 912. Suppose -8*y + 588 - a = 0. What is the tens digit of y?
5
Suppose 253 = u - 512. What is the hundreds digit of u?
7
What is the units digit of (-101 + 4)*-5 - 4?
1
Let d(x) = 102*x**2 - 116*x**2 - x - x**3 - 1 + 4. Let o = 18 + -32. What is the units digit of d(o)?
7
Suppose -54266 + 248376 = 59*y. What is the tens digit of y?
9
Let h = 55 + -53. Suppose 46 = 2*m - 5*d, h*d = 2*m + 9 - 49. What is the units digit of m?
8
Let p(z) = -68*z**2 + 141*z**2 + 49*z**2. What is the units digit of p(-1)?
2
Let j = 512 + 149. What is the units digit of j?
1
Let n = 3 + -15. Let c = n + 14. Suppose c*i - 102 = -i. What is the units digit of i?
4
Suppose -15406 + 40119 = 13*j. What is the units digit of j?
1
Let r(l) = -1402*l - 434. What is the tens digit of r(-3)?
7
Suppose 2159*l + 3018 = 2161*l. What is the thousands digit of l?
1
Suppose 3*a = -0*c - 3*c + 192, -c + 5*a + 76 = 0. What is the units digit of c/(-110) + 536/10?
3
Let d(h) = 22*h + 447. What is the tens digit of d(32)?
5
Suppose -436 = -6*z + 788. What is the tens digit of z?
0
Let i be ((-5)/(-2))/(50/40). Suppose d = 2*d - i, y - 10 = 2*d. What is the units digit of y?
4
Let p(v) = -423*v - 51. What is the hundreds digit of p(-2)?
7
Let n(i) = 21*i - 10 + 0*i + 19*i. What is the units digit of n(6)?
0
Let l(g) be the first derivative of 7*g**4/4 - 3*g**2/2 + 3*g - 1. Let m be l(2). Suppose 0 = -5*s + k + m, 3*s + 2*k = 4*k + 29. What is the tens digit of s?
1
Suppose 4*p - 2*q = -744, -3*q = -p - 107 - 69. Let b = p + 264. What is the units digit of b?
6
Suppose 0 = -5*n + 4*n + 1, -2*j = 4*n - 62. Let m = j - 22. What is the units digit of m?
7
Suppose 16 = 2*p - 6*p. Let s = 65 - p. What is the tens digit of s?
6
Let c be 3115/45 + 6/(-27). Suppose c*z = 68*z + 144. What is the tens digit of z?
4
Let c(v) = -75*v - 94. Let t be c(-12). Suppose 4*d - t = 350. What is the hundreds digit of d?
2
Suppose 3*n + 100 = 142. Suppose n*g - 13*g - 44 = 0. What is the tens digit of g?
4
Suppose 2*s + b + 3*b = 3950, 0 = -4*s + 4*b + 7924. What is the thousands digit of s?
1
What is the hundreds digit of (1134/(-4))/1*(12 - 14)?
5
Let g = -13 + 12. Let b(a) = -a**2 + a + 1. Let l(n) = n**3 - 21*n**2 + 18*n + 14. Let k(y) = g*l(y) + 4*b(y). What is the units digit of k(16)?
2
Let n(a) = -a**3 + 5*a**2 + 8*a + 1. Let g be n(6). Suppose -4*v + k = -25, -2*v + 3*k = 2*v - 19. Suppose g = 2*q - v. What is the tens digit of q?
1
Let o(i) = 209*i**2 - i - 20. What is the tens digit of o(4)?
2
Let r = 610 - 229. What is the tens digit of r?
8
Let d(x) = 81*x**3 - x**2 - 12*x + 29. What is the units digit of d(3)?
1
Suppose -b + 5 = -2*j, 6*b + 4*j = 4*b - 22. Let g = b - -15. Let y = g + 41. What is the units digit of y?
3
Suppose 0*z = 5*z + 10. Let d be (-32)/z - (2 + -1). What is the units digit of (-51)/1*(-5)/d?
7
Suppose -1904 = 5*y - 7874. What is the thousands digit of y?
1
Suppose -2*h - 4*o - 32 = -6*h, 4*h - o = 17. Suppose 4*j + 218 - 1067 = -h*l, -4*j = -2*l - 874. What is the units digit of j?
6
Suppose 3*i - 7 + 1 = 0, -3*i + 15 = 3*h. Let x(l) = 5*l + 5 - 6*l - h - 15*l. What is the units digit of x(-1)?
8
Let w be (-26)/(-10) + 6/(-10). What is the hundreds digit of w - (-1)/((-3)/(-600))?
2
Let y(l) = -l + 126. What is the units digit of y(18)?
8
Suppose -3*l + 5*l = 52. Let c = 90 - l. What is the tens digit of c?
6
Let z(w) = 66*w - 838. What is the hundreds digit of z(42)?
9
What is the units digit of 22*13/(13/33)?
6
Suppose k + 20 = 4*f, 0 = 3*f + 4*k + 3 + 1. Suppose 0 = f*p - 8 - 4. What is the units digit of 3 + 0 - (p - 24)?
4
Suppose 18*h - 16*h = 388. Suppose 4*g = h + 158. What is the units digit of g